(base 2) in base 6?
2
Convert 2 (base 12) to base 3.
2
0 (base 12) to base 14
0
What is -234 (base 5) in base 4?
-1011
-107 (base 8) to base 5
-241
What is 92 (base 12) in base 2?
1101110
Convert -57 (base 10) to base 11.
-52
What is 3 (base 6) in base 3?
10
Convert -22 (base 10) to base 6.
-34
What is 444 (base 5) in base 11?
103
What is 10 (base 7) in base 14?
7
Convert -c (base 15) to base 8.
-14
Convert 100 (base 2) to base 10.
4
1100 (base 3) to base 4
210
What is 21 (base 12) in base 7?
34
What is 9 (base 10) in base 16?
9
What is -23 (base 5) in base 10?
-13
Convert 2 (base 4) to base 6.
2
-3 (base 8) to base 13
-3
9 (base 11) to base 9
10
What is -12111 (base 3) in base 10?
-148
What is 58 (base 11) in base 12?
53
What is 0 (base 2) in base 16?
0
-1100 (base 2) to base 12
-10
What is 1a4 (base 12) in base 16?
10c
Convert 92 (base 11) to base 6.
245
What is -18 (base 15) in base 7?
-32
What is -9 (base 12) in base 14?
-9
200 (base 3) to base 13
15
2 (base 5) to base 9
2
What is -7 (base 15) in base 11?
-7
2 (base 15) to base 12
2
What is -22 (base 3) in base 2?
-1000
Convert -1 (base 3) to base 5.
-1
Convert -10 (base 14) to base 15.
-e
Convert 0 (base 11) to base 6.
0
Convert -4 (base 8) to base 9.
-4
-30 (base 11) to base 2
-100001
What is 158 (base 9) in base 16?
86
Convert 8 (base 13) to base 15.
8
What is -7 (base 9) in base 16?
-7
100000 (base 2) to base 6
52
2 (base 3) to base 8
2
Convert -1011 (base 2) to base 14.
-b
What is -8 (base 9) in base 2?
-1000
Convert 68 (base 16) to base 11.
95
28 (base 10) to base 9
31
32 (base 7) to base 5
43
Convert 20 (base 6) to base 11.
11
Convert -35 (base 11) to base 16.
-26
What is -23 (base 16) in base 14?
-27
What is 5 (base 6) in base 10?
5
Convert -1300 (base 5) to base 11.
-172
1b (base 14) to base 4
121
Convert 1a (base 14) to base 10.
24
What is -5 (base 11) in base 2?
-101
10 (base 5) to base 13
5
What is -6 (base 7) in base 4?
-12
Convert 81 (base 10) to base 8.
121
What is -101 (base 4) in base 15?
-12
What is -4 (base 15) in base 11?
-4
Convert 0 (base 16) to base 15.
0
Convert -177 (base 11) to base 13.
-12a
-11 (base 14) to base 13
-12
Convert -1000 (base 3) to base 7.
-36
4a (base 14) to base 5
231
10 (base 16) to base 5
31
Convert 79 (base 12) to base 9.
113
-1 (base 9) to base 5
-1
-17 (base 11) to base 3
-200
3 (base 6) to base 9
3
What is -4 (base 5) in base 12?
-4
142 (base 12) to base 14
dc
-32 (base 12) to base 7
-53
Convert 1 (base 4) to base 9.
1
Convert 10 (base 6) to base 2.
110
-9 (base 11) to base 15
-9
What is -57 (base 10) in base 15?
-3c
What is 7 (base 13) in base 14?
7
What is 1222 (base 3) in base 14?
3b
-322 (base 4) to base 3
-2011
Convert 0 (base 3) to base 5.
0
Convert -3 (base 6) to base 11.
-3
What is 2 (base 5) in base 15?
2
Convert 77 (base 12) to base 13.
70
Convert 27 (base 10) to base 11.
25
Convert -3 (base 8) to base 6.
-3
Convert -3 (base 6) to base 15.
-3
Convert 5 (base 9) to base 7.
5
Convert 2d (base 15) to base 3.
1121
Convert -9 (base 12) to base 2.
-1001
What is 64 (base 9) in base 13?
46
110 (base 12) to base 14
b2
What is -72 (base 8) in base 14?
-42
Convert 17 (base 8) to base 11.
14
What is -101 (base 2) in base 10?
-5
What is -2 (base 7) in base 16?
-2
10 (base 9) to base 3
100
2 (base 7) to base 14
2
Convert 102 (base 4) to base 12.
16
Convert -18 (base 14) to base 2.
-10110
What is -7 (base 16) in base 5?
-12
Convert 11 (base 16) to base 7.
23
What is 2 (base 13) in base 8?
2
What is 2 (base 16) in base 4?
2
-1 (base 12) to base 5
-1
Convert -f2 (base 16) to base 11.
-200
96 (base 14) to base 11
110
What is 55 (base 10) in base 7?
106
Convert -8 (base 13) to base 7.
-11
What is 6 (base 9) in base 15?
6
11 (base 3) to base 5
4
What is 11 (base 14) in base 5?
30
Convert 32 (base 5) to base 15.
12
What is -2 (base 14) in base 10?
-2
-12010 (base 3) to base 16
-8a
5 (base 10) to base 4
11
-10 (base 13) to base 15
-d
22 (base 3) to base 14
8
What is -11 (base 16) in base 10?
-17
-249 (base 12) to base 10
-345
-11 (base 10) to base 9
-12
What is -d5 (base 16) in base 7?
-423
What is 5b (base 12) in base 10?
71
Convert -20221 (base 3) to base 7.
-355
Convert -5 (base 16) to base 2.
-101
Convert 111 (base 2) to base 3.
21
Convert -244 (base 5) to base 7.
-134
47 (base 9) to base 15
2d
121 (base 4) to base 12
21
-1 (base 2) to base 14
-1
Convert 14 (base 7) to base 4.
23
-1 (base 14) to base 9
-1
What is -25 (base 14) in base 2?
-100001
What is 11122 (base 4) in base 12?
24a
Convert -43 (base 5) to base 4.
-113
-29 (base 10) to base 9
-32
4 (base 11) to base 7
4
What is 1 (base 8) in base 11?
1
Convert 33 (base 6) to base 11.
1a
4d (base 16) to base 2
1001101
What is -403 (base 7) in base 4?
-3013
Convert -31 (base 10) to base 11.
-29
What is -50 (base 6) in base 14?
-22
-b6 (base 15) to base 16
-ab
Convert 2021 (base 3) to base 13.
49
26 (base 7) to base 10
20
Convert -1 (base 13) to base 7.
-1
Convert -100 (base 9) to base 10.
-81
What is -78 (base 9) in base 3?
-2122
5 (base 8) to base 10
5
2 (base 4) to base 14
2
What is 23 (base 6) in base 8?
17
-1021 (base 4) to base 6
-201
Convert 5 (base 8) to base 10.
5
Convert 30 (base 10) to base 16.
1e
Convert -101101 (base 2) to base 4.
-231
Convert -12 (base 7) to base 4.
-21
Convert -55 (base 7) to base 15.
-2a
-37 (base 8) to base 6
-51
What is 4 (base 8) in base 16?
4
Convert -1 (base 3) to base 11.
-1
Convert -15 (base 16) to base 14.
-17
-c (base 16) to base 6
-20
-13 (base 9) to base 2
-1100
-5 (base 15) to base 7
-5
What is a1 (base 11) in base 13?
87
Convert 19 (base 15) to base 16.
18
-2400 (base 5) to base 7
-1010
Convert 13 (base 8) to base 16.
b
What is 10a (base 11) in base 5?
1011
Convert b (base 15) to base 8.
13
48 (base 14) to base 3
2101
Convert -3 (base 15) to base 12.
-3
6 (base 10) to base 6
10
What is -9 (base 10) in base 15?
-9
Convert -3 (base 10) to base 9.
-3
Convert 2102 (base 3) to base 7.
122
-1211 (base 3) to base 11
-45
Convert -10 (base 8) to base 5.
-13
Convert 30 (base 12) to base 9.
40
What is 3 (base 8) in base 15?
3
What is 0 (base 12) in base 10?
0
-23 (base 8) to base 16
-13
What is -14 (base 9) in base 16?
-d
Convert -11 (base 5) to base 11.
-6
What is 2022 (base 3) in base 5?
222
b (base 15) to base 2
1011
What is -12 (base 9) in base 12?
-b
What is 234 (base 5) in base 7?
126
Convert -404 (base 5) to base 10.
-104
What is -24 (base 7) in base 8?
-22
Convert 41 (base 5) to base 2.
10101
What is -1100000 (base 2) in base 4?
-1200
What is 1011001 (base 2) in base 6?
225
12 (base 10) to base 14
c
What is -40 (base 8) in base 15?
-22
What is 0 (base 11) in base 6?
0
Convert -45 (base 8) to base 11.
-34
What is -10011111 (base 2) in base 13?
-c3
8 (base 12) to base 4
20
Convert -30 (base 4) to base 15.
-c
What is -c (base 13) in base 2?
-1100
Convert 100 (base 3) to base 15.
9
What is c (base 16) in base 8?
14
0 (base 2) to base 6
0
Convert 15 (base 8) to base 9.
14
What is 2 (base 4) in base 16?
2
What is -48 (base 15) in base 11?
-62
What is 6 (base 14) in base 3?
20
Convert -210 (base 3) to base 7.
-30
What is -12a (base 15) in base 6?
-1121
What is -5 (base 7) in base 8?
-5
Convert -212 (base 3) to base 16.
-17
What is 23b (base 13) in base 15?
1ad
-4 (base 6) to base 16
-4
2 (base 16) to base 8
2
Convert -3 (base 14) to base 7.
-3
What is 1b8 (base 12) in base 6?
1152
What is 45 (base 15) in base 16?
41
What is 1 (base 3) in base 13?
1
Convert 4 (base 16) to base 6.
4
What is 32 (base 8) in base 7?
35
Convert -7 (base 13) to base 10.
-7
-144 (base 5) to base 3
-1211
-1c (base 16) to base 6
-44
What is 3 (base 16) in base 11?
3
Convert 100 (base 2) to base 8.
4
Convert -5 (base 6) to base 3.
-12
Convert -1 (base 3) to base 4.
-1
4 (base 7) to base 9
4
3 (base 11) to base 7
3
-d (base 15) to base 2
-1101
What is 32 (base 10) in base 8?
40
What is -2 (base 10) in base 14?
-2
Convert -224 (base 7) to base 6.
-312
Convert 1 (base 4) to base 7.
1
-102 (base 4) to base 8
-22
Convert -1111 (base 3) to base 4.
-220
Convert -2 (base 15) to base 4.
-2
Convert 263 (base 10) to base 9.
322
Convert 31 (base 16) to base 9.
54
What is -7 (base 10) in base 8?
-7
Convert 21 (base 4) to base 16.
9
What is -36 (base 14) in base 5?
-143
What is 65 (base 15) in base 3?
1